/(-6)*-9 + 0. Let m = z - r. What is the tens digit of m?
5
Let s be (-74 + 73)/(2/(-4438)). Suppose -2*i = 3*z - s, -2*z - 3*i = -4*i - 1470. What is the units digit of z?
7
Let w = 14627 - 6616. What is the thousands digit of w?
8
Let s(g) = -g**3 + 27*g**2 - 28*g + 55. Let z be s(26). Suppose -z*b + 228 = 4*u, 304 = -b + 5*b - 2*u. What is the units digit of b?
6
Suppose -5*x - 154170 = -4*n, -3*n + 115612 = 1191*x - 1187*x. What is the ten thousands digit of n?
3
Suppose 3*m = -5*b + 493, -2*m + 3*b = 4*b - 338. Let l be (6 - 4)/(2 - 348/m). Let k = l - -199. What is the units digit of k?
2
Let w = -1346 + 5017. What is the hundreds digit of w/5 - (6/(-10))/(-3)?
7
Let n be 24/5 - (-22)/110. Let p(l) = n - 22*l - 3 - 7 - 8. What is the units digit of p(-4)?
5
Suppose -831 = -5*s - 3*i + 2010, -6 = 2*i. Let l(v) = -v + 5. Let r be l(0). Suppose 3*f - s = -3*k, 5*f - r*k - 37 = 963. What is the hundreds digit of f?
1
Let a = 43805 + -23735. What is the units digit of a?
0
Let r be (-10)/(-2)*1 + 416/32. Suppose -r*w - w = -9918. What is the hundreds digit of w?
5
Let y = -44 - -148. Suppose 3*s + 3*n - 413 + y = 0, 2*n - 4 = 0. What is the hundreds digit of s?
1
Let f = 130571 + -88885. What is the ten thousands digit of f?
4
Let p(g) = -g**3 + 4*g**2 - 12*g + 6. Let v be p(7). Let y be v/6*6/1. Let c = -147 - y. What is the units digit of c?
8
Let o(q) be the second derivative of -q**4/12 - q**3/6 - 9*q. Let t(z) = z**3 + 5*z**2 - 2*z - 20. Let b(p) = -6*o(p) + t(p). What is the units digit of b(-9)?
6
What is the thousands digit of 6032*10/(280/42)?
9
Let v(q) = 12225*q + 36. What is the hundreds digit of v(3)?
7
Let m(n) = -2*n + 10. Let g be m(-8). Let r(u) = -u**2 + 26*u + 107. What is the tens digit of r(g)?
0
Suppose -u - 1 = 0, 5*c - 6*c = -4*u - 816. What is the units digit of c?
2
Let c be 3 - ((-51)/24 - (-2)/16). Suppose 1340 = -3*i + c*i. Suppose -215 - i = -5*n. What is the units digit of n?
7
Let s(r) = -r + 6. Let l be s(3). Let p(a) = -2*a + 0*a + l*a**2 + a + 3*a**2. What is the tens digit of p(4)?
9
Let d(r) be the first derivative of 5/3*r**3 - 9 + 3/2*r**2 + 4*r. What is the tens digit of d(-4)?
7
Suppose -j = -5*z + 3805, 0*z + 761 = z - 2*j. Let k = -1703 + z. What is the tens digit of 4 + -4*k/24?
6
Let a(l) = -5*l + 127. Let u be a(26). Let o(h) = 10*h**2 + 6*h + 17. What is the units digit of o(u)?
9
Let y(g) be the second derivative of g**5/20 - g**4/4 - g**3/3 - g**2 - 7*g. Let t be y(5). Suppose 0 = 5*p, d - 4*p = -p + t. What is the tens digit of d?
3
Let v = -2931 + 14550. What is the tens digit of v?
1
Suppose 45*d - 14901 = -11696 + 98990. What is the hundreds digit of d?
2
Let y = -18 - -31. Suppose -5*h = 5*c - 3210, 0 = 2*h - 3*c - 308 - 991. Suppose h = y*j - 889. What is the tens digit of j?
1
Let x(d) = -1377*d**3 - 3*d**2 - d + 21. What is the thousands digit of x(-2)?
1
Let y(c) = -67*c - 8. Let m(x) = -2*x**2 - 67*x - 101. Let i be m(-32). What is the tens digit of y(i)?
2
Let g(a) be the third derivative of -1/20*a**5 + 24*a**2 - 1/8*a**4 - 1/120*a**6 + 0 + 0*a + 1/2*a**3. What is the tens digit of g(-3)?
1
Suppose 5*k = 4*o + 2065 - 244, 8 = -2*o. What is the tens digit of k?
6
Suppose 5*b - 38*b = -117183. What is the hundreds digit of b?
5
Let y = 13401 - 5978. What is the hundreds digit of y?
4
Let x be (-2 + (-45)/20)*-4. Let a(s) = 2*s**2 - 8*s - 40. What is the tens digit of a(x)?
0
Let a = -7 + 12. Let x(c) = -4*c**2 - 18*c + 6. Let m(b) = -b**2 - 6*b + 2. Let g(v) = -7*m(v) + 2*x(v). What is the units digit of g(a)?
3
Let k = -207 + 2819. What is the tens digit of k?
1
Let b be -3 - (-1 - 2 - (-56)/8)*-2. Let c(k) = -34 + 0*k + 11*k + 19*k. What is the hundreds digit of c(b)?
1
Suppose 870*s = 2*f + 872*s - 7234, 2*f + s = 7240. What is the thousands digit of f?
3
Let t(u) = u**3 + 20*u**2 + u + 29. Let p be t(-20). Suppose p*q + 98 = -10. Let w(f) = f**3 + 15*f**2 + 29*f - 10. What is the tens digit of w(q)?
7
Let g(s) = 3*s**2 - 6*s - 7. Let w be g(-6). Suppose -w*c + 848 = -135*c. What is the hundreds digit of c?
4
Suppose -2*n + 25599 = 5*l, 14*n - 4*l = 15*n - 12807. What is the hundreds digit of n?
7
Suppose y + 0 = 5. Suppose 4*g - 1305 = 743. Suppose 0 = q - y*n - 236, -2*q - 2*n = -4*n - g. What is the tens digit of q?
6
Suppose -116*c = -108*c - 32. Suppose -4*g + 311 = -3*z - 3029, -c*z = 2*g - 1670. What is the hundreds digit of g?
8
Suppose 16*a = 14*a + 120. Suppose d + 53 = a. What is the units digit of -4 + -1 + d - -198?
0
What is the thousands digit of 1/(6*(-15)/(-3633300))?
0
What is the units digit of (-273)/(-14)*(6/(-10) + 51799/15)?
7
Suppose -11*j + 20 = -6*j. Let c be 6*2/(j/5). Suppose -120 = -19*v + c*v. What is the tens digit of v?
3
Let v(m) = m**2 - 6*m + 13. Let u be v(6). Suppose u*b - 674 = 1341. What is the tens digit of b?
5
Let o = 10 + -7. Let a(c) = -57*c - 20. Let q be a(-2). Suppose -t = -o*t + q. What is the units digit of t?
7
Suppose -9*b + 83435 + 44968 = 0. What is the hundreds digit of b?
2
Suppose 0 = a + 2, -1 + 51 = 3*q - a. Suppose 12*f = 4*f + q. Suppose 152 + 6 = 5*o + s, 3*s = -f*o + 58. What is the tens digit of o?
3
Let b be 4/24 - (-100)/(-24). What is the units digit of 109*2/(b/(-10))?
5
Suppose -22*v + 19*v = -5*u + 2, -3*u + 4 = v. Let d(c) = -145*c**2 - 25. Let t(n) = 24*n**2 + 4. Let g(f) = 4*d(f) + 25*t(f). What is the units digit of g(u)?
0
Suppose -3*z - 7669 = -4*n - 25547, 0 = 3*z - 3*n - 17883. What is the hundreds digit of z?
9
Let a be (3 - 51/9)*3/(-2). Suppose 0 = a*o - 11*o + 3304. What is the units digit of o?
2
Suppose -i = 7*n - 5*n - 5, 1 = n - i. Suppose -n*s + 3*t + 1220 = -0*t, -4*s + 2*t = -2456. What is the tens digit of s?
1
Let w = 320 - 310. Let t = -40 + 198. Suppose w*v - 2212 = t. What is the hundreds digit of v?
2
Suppose 4*c - 10 + 130 = 0. What is the units digit of (225/c)/((-9)/210)?
5
Let p(a) be the third derivative of -a**6/120 + 7*a**5/15 - a**4/8 - 35*a**3/2 - 103*a**2. What is the hundreds digit of p(26)?
1
Suppose -2*d = 2*u - 33596, 0 = u - 63*d + 62*d - 16802. What is the units digit of u?
0
Suppose -51*z + 817822 = 19*z - 899838. What is the tens digit of z?
3
Suppose j + 1102 = -2*x + 62400, -5*j = 3*x - 91947. What is the tens digit of x?
4
Let m(v) = 10*v + 42. Let q be m(9). Suppose 7*a - 4*a = l - 202, 2*a - 2*l = -q. Let g = 101 + a. What is the tens digit of g?
3
Let d be (5/((-25)/4430))/1. Let k = 1449 + d. What is the tens digit of k?
6
Let w(s) = -s**3 + 7*s**2 - 54*s - 242. What is the thousands digit of w(-18)?
8
Let h(i) = 6*i**2 - 4. Let j be h(-3). Suppose j*z - 52*z + 116 = -5*y, 4*z + 5*y = 172. What is the tens digit of z?
4
Let k = 41 + -2. Let f = k - -77. Suppose 4*l = -f + 476. What is the units digit of l?
0
Let s(j) = -5*j + 6. Suppose -6*c + 24 = -0*c. Let u be s(c). What is the tens digit of (-6)/u + (-4456)/(-56)?
8
Suppose 2*u + 2 = -l, 3*l + 17 = 2*u + 3*u. Let c be 4 + u/(-3)*-2469. Suppose 8*n + 283 - c = 0. What is the units digit of n?
8
Let u be (-140148)/(-44) + 10/(-55). Suppose -3*a = 4*a - u. What is the hundreds digit of a?
4
What is the thousands digit of 25/5 - (-5*5745)/5?
5
Let b(i) = 1690*i + 5378. What is the tens digit of b(31)?
6
Suppose 34*x - 161*x = -970788. What is the hundreds digit of x?
6
Suppose 10*h - 17*v - 111710 = -22*v, 0 = -4*h + v + 44702. What is the ten thousands digit of h?
1
Suppose 905197 - 466935 = 49*c - 643021. What is the hundreds digit of c?
0
Suppose s - 3*s = 2*t - 2336, 2*t + 2 = 0. What is the tens digit of s?
6
Suppose -33*w = -9*w - 49296. Suppose 0 = 2*c + z - 1365, 3*c - 3*z = 2*z + w. What is the tens digit of c?
8
Let k(h) = h**2 + 9*h - 189. Let w be k(22). Let r = 604 + w. What is the hundreds digit of r?
0
Let m = 59 + -47. Suppose -2*d = 2*b + m, 2*d + b = 3*d - 4. What is the tens digit of 84 + (0*1/(-4))/d?
8
Suppose -261 = j - 4*j. Let s = -85 + j. Suppose -106 = -h + 3*i, 3*i = s*h - 3*h + 88. What is the tens digit of h?
9
Let v(c) = 83 + 1226*c - 613*c + 4*c**2 - 621*c. What is the hundreds digit of v(13)?
6
Suppose 3*i - 21524 = 4*x, -709 + 717 = -4*x. What is the tens digit of i?
7
Let v = 2297 + 1342. What is the hundreds digit of v?
6
Let n(y) = -7*y + 30. Let z be n(9). Let t = z + 23. W